1449. Let p = l - s. Calculate the highest common divisor of p and 38.
38
Suppose 3*y - y = 0. Suppose -5*d - 10 = 0, 4*f + y*d + 106 = -3*d. Let c = f + 52. What is the greatest common divisor of 18 and c?
9
Let z(m) = -164*m + 1. Let y(t) = 493*t - 3. Let x(l) = -6*y(l) - 17*z(l). Let h be x(-1). Let v = 11 - -8. Calculate the greatest common divisor of h and v.
19
Let l = 112 - 80. What is the highest common factor of 112 and l?
16
Suppose 4*g - 1804 = 2*p, 194*g = 198*g - 5*p - 1810. What is the greatest common divisor of 25 and g?
25
Let h(z) = -z**2 + 11*z - 8. Let o be h(10). Suppose -81 + 21 = -o*t. What is the greatest common divisor of t and 45?
15
Let d = -7 - -7. Suppose c = -d*c - 28. Let z be (c/(-6))/((-2)/(-24)). Calculate the greatest common divisor of z and 8.
8
Suppose u + 4 = 3*u. What is the highest common divisor of 46 and u?
2
Let r = 18 + -12. Let b(p) = -3 + 5*p**2 + 5*p - 3 - p**3 + 0*p**3 - 1. Let h be b(5). Calculate the highest common divisor of h and r.
6
Let p be (-3)/(-7) + 6513/91. What is the greatest common factor of 1152 and p?
72
Suppose -15*f + 862 - 337 = 0. Suppose -f = -2*w + 5*y, 0 = 3*w - 4*y - 0*y - 49. What is the greatest common divisor of w and 120?
15
Let g = 136 - 268. Let p = g - -195. Calculate the greatest common factor of 7 and p.
7
Let a = -67 - -107. Let v = -22 + a. What is the greatest common divisor of v and 12?
6
Let g be 6*(168/16 - 3). What is the highest common factor of 10 and g?
5
Suppose 3*z - 2*z - 6 = 0. Let w be (-1*z)/(9/(-30)). Suppose 4*p + 5*r - 170 = p, 0 = -2*p - 5*r + 120. Calculate the highest common factor of p and w.
10
Suppose -57 = -16*y + 23. What is the greatest common factor of y and 145?
5
Let d(j) = -j**2 - 4*j. Let c be d(-3). Suppose 4*u - 184 = 3*n, -c*n = 2*u + 2*n - 118. Let q be (3/3)/(-1)*-7. What is the highest common divisor of q and u?
7
Let o(f) = 8*f + 83. Let t be o(-10). What is the greatest common factor of 159 and t?
3
Suppose 8*o - 282 = 30. Calculate the highest common divisor of o and 3.
3
Let x(o) = 5*o**2 + 3*o - 6. Let n be x(-5). Let w(i) = -3*i + 10. Let d be w(-14). Suppose 0 = -0*u + 4*u - d. What is the highest common divisor of u and n?
13
Let n(m) = 3*m**3 - 1 - 12*m**3 + 0 + m**2. Let g be ((-18)/27)/(4/6). Let r be n(g). What is the greatest common divisor of r and 1?
1
Let k(q) = q**2 - 8*q. Let g be k(8). Suppose g = a - 22 - 1. Let i = -16 + a. Calculate the highest common factor of i and 63.
7
Suppose 4*v - 8 = 20. Let w = v + -4. Suppose -13 = -g + 2*z + 8, -z + 49 = w*g. What is the highest common divisor of g and 85?
17
Suppose -3 + 5 = 2*a. Let j be (-3)/((0 + -2)/2). Suppose -j*h + 18 = -h. Calculate the greatest common factor of a and h.
1
Let z be 5/20*(-312)/(-6). What is the highest common factor of z and 143?
13
Let u be 286/2 - (4 - 4). Let v(q) = -5*q - 10. Let j be v(-5). Suppose 37 = 4*c - j. What is the greatest common factor of c and u?
13
Suppose -3*f + 40 = 5*m - 29, -3*f - 51 = -5*m. Calculate the highest common factor of 42 and m.
6
Let i = -2 - -8. Suppose -19*q + 887 + 367 = 0. What is the greatest common divisor of i and q?
6
Let q(w) = w**2 - 8*w. Let f be q(8). Suppose 847 = -3*g + 5*i, -6*g + g - 5*i - 1425 = f. Let r = -200 - g. Calculate the highest common divisor of r and 12.
12
Suppose 0 = 4*u + 22*o - 25*o - 983, -u - 4*o + 241 = 0. Calculate the greatest common divisor of 140 and u.
35
Let w be ((-124)/(-16) + 0)*(-2 - -6). Suppose -w*l - 64 = -35*l. Calculate the highest common divisor of 4 and l.
4
Let b = 385 + -345. What is the greatest common divisor of 360 and b?
40
Suppose 0 = 3*j + 3*t + 2*t + 17, -t - 4 = 0. Let v = 15 + j. Let r be v*(4 - 21/6). Calculate the greatest common divisor of 16 and r.
8
Let s = 6 + -7. Let m be (s + 9 + -3)*4. What is the greatest common factor of 15 and m?
5
Suppose 168*m - b - 1260 = 163*m, -2*m + 504 = 4*b. What is the greatest common divisor of m and 28?
28
Let z be ((-4)/6)/(6/(-261)). Let w = z + -20. Suppose 29 = 6*j - 3*j - 4*c, 0 = c + 5. What is the highest common factor of j and w?
3
Suppose -2*l - 6 = -4*l. Suppose -2 = l*n - 5*n. Calculate the highest common divisor of n and 9.
1
Suppose 4*y + d + 0*d = 81, 0 = -5*y - 5*d + 105. Let l be 32/y*(175/(-2))/(-7). Calculate the greatest common factor of 20 and l.
20
Suppose -2*q = 3*q. Suppose -t - 2 = q, -o - 13 = -t + 2*t. Let v(u) = -u + 7. Let n be v(o). What is the greatest common divisor of n and 2?
2
Suppose -47*j = -39*j - 136. Calculate the highest common divisor of j and 85.
17
Let y(s) = 2*s + 5. Let l be y(0). Let r = l - -1. Let n be 1 - 2 - (-10 + 3). Calculate the greatest common factor of r and n.
6
Let m be ((-1848)/(-32))/((-5)/(-20)). Calculate the highest common factor of 42 and m.
21
Let y be 12/(-36)*(-1 - 212). Calculate the greatest common divisor of y and 284.
71
Suppose -20*n = -5*t - 15*n + 120, -3*t + n = -72. Calculate the greatest common divisor of 732 and t.
12
Let l = 88 + 29. Suppose 0*a = 9*a - l. What is the highest common factor of 26 and a?
13
Suppose 0 = 4*g + 3*s + 7, -3*s = -2*g - 2*g - 1. Let r be 40*g*1/(-2). Suppose 40*f = 26*f + 112. Calculate the greatest common factor of f and r.
4
Let a = 434 + -390. What is the greatest common divisor of a and 22?
22
Let u(f) = 224*f - 192. Let g be u(1). What is the greatest common factor of g and 52?
4
Suppose 2*g + 92 = 4*b, 47 = 3*b + 67*g - 63*g. Calculate the greatest common divisor of 9 and b.
3
Let j be 18/3 + 4 + -1 + 2. What is the greatest common divisor of 11 and j?
11
Suppose -p - 2*p + 330 = 0. Let z be (((-5)/4)/((-6)/32))/((-12)/(-18)). Calculate the highest common factor of p and z.
10
Let v(x) = x**2 - 4*x - 25. Let z be v(9). Calculate the highest common divisor of z and 670.
10
Suppose -144 - 12 = -2*j. Suppose j + 39 = 3*o. Suppose -22 = -3*y + 2*d + 58, 5*d - 125 = -5*y. Calculate the greatest common divisor of o and y.
13
Let y = 1879 + -1847. Calculate the highest common factor of y and 72.
8
Let u(x) = x**2 + 11*x - 5. Let l be u(-16). Let j = l + 5. What is the greatest common divisor of 16 and j?
16
Let l = 9 - -4. Suppose l*z - 205 = 18*z. Let j = -25 - z. What is the highest common divisor of 48 and j?
16
Let y be (-1312)/(-44) - (-2 - (-20)/11). What is the greatest common factor of y and 70?
10
Suppose 2 = 2*z - z, 4*z - 24 = -4*c. Let h be -52*c*(-4)/8. What is the highest common divisor of 13 and h?
13
Let g = -21 - -53. Let q(v) = v**3 + 9*v**2 - 10*v - 8. Let z be q(-6). Calculate the highest common factor of g and z.
32
Let t = -11 - -37. What is the highest common factor of t and 208?
26
Let s = -86 + 469. Let g = 581 - s. What is the highest common factor of 18 and g?
18
Suppose 0 = 5*h - 3*o - 45, 2*h - 29 = -2*h + o. Suppose 5*t = 209 + 1. What is the greatest common divisor of h and t?
6
Let h = 18 - 15. Suppose -h*k = -7*k + 76. Calculate the greatest common divisor of 19 and k.
19
Suppose 0 = 2*w - 232 - 62. Suppose 2*c + 8 = 50. What is the greatest common divisor of w and c?
21
Let k = 299 + -244. Suppose -w - 15 = -6*w, -4*w = -5*u + 98. Calculate the greatest common factor of u and k.
11
Let t be 740/50 + 4/(-5). Let b = 35 + 23. Let i be 1*b + 4 + -6. What is the highest common divisor of t and i?
14
Suppose 0*a = -a + 5. Let o(s) = -s + 21. Let j be o(19). Suppose -4*c + 425 = -a*l, -j*l + 3 + 3 = 0. What is the greatest common factor of c and 10?
10
Let s = 4 + 5. Let d be (4/(-6) - 0)*-135. Calculate the highest common factor of d and s.
9
Let y be (27 + (0 - -5))/(2/4). Let x be 1 + (-2 - -1) + 16. Calculate the greatest common factor of y and x.
16
Let p(o) = -2*o**2 - 79*o + 139. Let z be p(-38). What is the highest common factor of 46 and z?
23
Let m be (0 - (-21)/12)/((-63)/(-756)). Calculate the greatest common divisor of m and 4179.
21
Let m(b) = b**3 - 3*b**2 + b + 4. Let f be m(3). Suppose -64 = -f*a + 3*a. What is the greatest common factor of 144 and a?
16
Let m = 24 + -16. Let q = -14 - -35. Let n = q - m. Calculate the highest common factor of 91 and n.
13
Let u = -53 - -62. Let q be 27/u + 1 + 22. Calculate the greatest common factor of 286 and q.
26
Let v be 0 + 0 + 0 + 72. Let s = -72 + 80. Calculate the highest common divisor of s and v.
8
Let t b